 is the tens digit of i?
0
Suppose 5*o + 2 = -s - 2, 0 = o - 3*s - 12. Let i be (2 + -1)*o/(-1). What is the tens digit of 1/(i + 1/44)?
4
Suppose -129 + 49 = 4*g. Let v be g/(-2) + -3 + 1. Suppose 2*w - v = 36. What is the tens digit of w?
2
Suppose 2*i - 840 = -2*i - 4*g, -3*g = i - 202. What is the units digit of i?
4
Let i be (284/8)/((-3)/6). Suppose n - 4 = 0, 2*n + 41 = -3*q - 35. Let a = q - i. What is the units digit of a?
3
Suppose 3*i = -2*i + 20. Suppose 3*s = -3*w + 2*s - 23, i = -4*w + 4*s. What is the units digit of (3/w*122)/(-1)?
1
Let o(q) = -2*q - 10. Let v be o(-6). Suppose -v*h - 3 + 5 = 0. Suppose 2*s - h = 19. What is the tens digit of s?
1
Let i(h) = 7*h**2 + 47*h + 99. What is the tens digit of i(17)?
2
Let r(j) = 4*j - 14. Suppose 7 = b - 0. What is the units digit of r(b)?
4
Suppose 2*f = 2*c + 12, 4*f - 5*f = 2*c + 6. Let w(d) = -2*d**3 + 0 + d**2 + 3 - 3*d**f + 4*d - 1. What is the tens digit of w(-3)?
2
Suppose -4*v = -3*s - 3, 0 = 5*s - 3*v - v - 3. Suppose -s*x = -x + 222. Let p = x + 174. What is the units digit of p?
3
Let w = 6 + -4. What is the units digit of (-1)/w - (-43)/2?
1
Suppose 5*u + 209 = 3779. What is the units digit of u?
4
Suppose -4*c = 39 + 153. Let j be (c/28)/(4/42). Let g = 6 - j. What is the units digit of g?
4
Let m = 121 + -119. Suppose 5*x - 1142 = -m*w, -16 = x + 2*w - 246. What is the units digit of x?
8
Suppose -2*q + 3*q = 0. Suppose q = -3*b + 4 + 14. Suppose 2*h = -w + 52, 3*w - h - 154 = -b*h. What is the tens digit of w?
4
Let u = -18 - -18. Suppose -7*l + 0*l + 651 = u. What is the tens digit of l?
9
Suppose -4*b + 15 = -17. Suppose -b*d = -3*d - 1705. What is the hundreds digit of d?
3
Let i(f) = 34*f**2 - 2*f. Let n be i(2). Suppose -3*s - 64 = o, -21*o + 16*o + 5*s = 340. Let z = n + o. What is the tens digit of z?
6
Let q be (1/(-5))/(5/(-25)). What is the tens digit of ((q + 0)*3)/(12/524)?
3
Let c = -137 + 153. What is the tens digit of c?
1
Let f(m) = 94*m + 1. Let l be f(1). Suppose -13 = -3*u + l. What is the units digit of u?
6
Let s(d) = 8*d**2 + 36*d - 149. What is the thousands digit of s(21)?
4
Let n(u) = 30*u + 156. Let m be n(-5). Suppose -5*k + 2 = -3*a, 2*a - 7 = -3*k - 2*a. Suppose -5*t - k = -m. What is the units digit of t?
1
Let y(q) = -q + 12. Let z be y(-7). Suppose 0 = n - z. What is the units digit of n?
9
Suppose 5*s + n = 10, 4*n + 5 - 25 = 0. What is the units digit of -2 - (-2 + -2) - (-3 + s)?
4
Suppose g + 12 = j + j, -j - 3*g - 1 = 0. Let n(w) = 0*w - j*w + 2*w - w**3 - 4 - 5*w**2. What is the units digit of n(-5)?
1
Suppose -p + 4*u + 3863 = 0, 4*u - 11509 = 6*p - 9*p. What is the units digit of p?
3
Suppose -2*m + 6 = -m. Suppose -3*x = -m*x - 60. Let b = 47 + x. What is the units digit of b?
7
Suppose 2*z = -z + 15. Suppose -22 - 103 = -z*v. Suppose -1 - 9 = -2*u, 3*u = 4*c - v. What is the tens digit of c?
1
Let m be 4/(-6) + (-56)/(-12). Let l be (130/4)/(m/8). Let h = l - 32. What is the tens digit of h?
3
Suppose 168*w = 171*w - 1839. What is the tens digit of w?
1
Let z = -42 + 44. Let l(d) = 8*d**2 + d - 4. What is the tens digit of l(z)?
3
Suppose -50 - 64 = -2*j. Let d = j - 23. What is the tens digit of d?
3
Suppose 159 = -4*g + 1023. Suppose 7*i - 330 = g. What is the tens digit of i?
7
Let f = -681 - -877. What is the tens digit of f?
9
Suppose -9 = -3*n, -3*x = -4*x - 5*n + 295. Suppose -9*w + x = -2*w. What is the tens digit of w?
4
Suppose 3*m + 5*w + 0*w - 31 = 0, m = -4*w + 22. Suppose -m*o = o + 45. Let f = -9 - o. What is the units digit of f?
6
Let p(x) = -228*x + 146. What is the hundreds digit of p(-4)?
0
Let r(c) = 6 + 4*c**2 - 16*c - 2 - 7*c**2 + 2*c**2. Let d be r(-16). Suppose 2*t = -0 + d. What is the units digit of t?
2
Suppose 5*t = v - 0*v - 5515, -2*v + 3*t + 11016 = 0. What is the thousands digit of v?
5
Let h(m) = -20*m**3 - 2*m + 7. Let l(b) = -20*b**3 - b + 6. Let v(f) = -4*h(f) + 5*l(f). What is the units digit of v(-2)?
6
Let c be 2*2 + 12 + -14. Suppose -13 = -c*u + 121. What is the units digit of u?
7
Suppose 3*t + 780 = 8*t. Suppose -2*o - 14 = 4*y - t, 0 = -2*y. What is the tens digit of o?
7
Let r(g) be the third derivative of g**6/120 - g**5/15 - g**4/8 - 4*g**3/3 - 4*g**2. What is the units digit of r(5)?
2
Let s(i) = -i**3 - 13*i**2 - 8*i + 2. What is the hundreds digit of s(-17)?
2
Suppose 4*x - 7*g = -3*g + 556, -4*g = -3*x + 416. What is the units digit of x?
0
What is the units digit of ((-261)/(-36) + -7)/((-3)/(-6972))?
1
Suppose -1800 = -40*d + 36*d. What is the units digit of d?
0
Suppose 8*d + 6*d - 9506 = 0. What is the tens digit of d?
7
Suppose -3 = -2*z + 3. Let j be (z/(-1) - -8)/1. Suppose -j*s + 81 = 4*f, -5*s + 7*f = 2*f - 45. What is the units digit of s?
3
Suppose 0 = -5*k + 31 - 311. Let g be 38*(-3)/24*20. Let r = k - g. What is the tens digit of r?
3
Let z(v) = -335*v + 5. What is the thousands digit of z(-5)?
1
Let c(x) = x**2 + 10*x + 14. Let y be c(-10). Suppose m - 15 = y. Let o = 43 - m. What is the units digit of o?
4
Let d(f) = 54*f**2 + 8*f - 1. What is the hundreds digit of d(-3)?
4
Suppose 14 = 3*t - i, t + i - 4*i - 2 = 0. Let u = 21 - 18. Suppose -u*f + 6 = 3*w, -t*f + 6 = -3*w + 4. What is the units digit of f?
1
Suppose -2833 = -52*x + 703. What is the tens digit of x?
6
Let b = -16 - -16. Suppose i - 72 = -b*i. What is the tens digit of i?
7
Suppose -3*q - 4 = -10. Let b = 3 + q. Suppose 3*u - 225 = 3*c, -5*u + 4*c + 363 = b*c. What is the tens digit of u?
7
Suppose 8*s - 3065 = -5*d + 12*s, -2*d + 1259 = 5*s. What is the hundreds digit of d?
6
Let h(u) = u + 29. Let t be (-1 + 1)/(0 - 1). What is the tens digit of h(t)?
2
Let t(s) = 37*s**2 - 1. Let z = 33 - 32. What is the units digit of t(z)?
6
Let q(j) = 4*j - 13. Let c be q(-12). Let u = c + 89. What is the units digit of u?
8
Suppose 816 = 2*a + a. Suppose 0 = 7*z - 3*z - a. What is the units digit of z?
8
Let s(l) = -4*l**3 + 4*l**2 - 2*l - 8. Let w be s(-4). Suppose -w = 4*q - 9*q. What is the tens digit of q?
6
Let p = -92 - -143. What is the tens digit of p?
5
Suppose 0*q - 11 = -q + 5*g, 0 = g - 4. Suppose -3*f + 13*f + 350 = 0. Let o = q - f. What is the tens digit of o?
6
Suppose 5*o - 2*z - 15 = z, 4*o + 3*z - 12 = 0. Let p(k) = -o*k + 3 - 2*k + 17 - 7. What is the units digit of p(-9)?
8
Suppose -3*r = -1213 - 278. What is the tens digit of r?
9
Suppose 7*p - 2508 = -5*p. Suppose p = 5*q - 321. What is the hundreds digit of q?
1
Let t = -22 + 26. Suppose -g + 40 = 4*q + t*g, q - 4*g = -11. Let k(r) = r**3 - 4*r**2 + 4*r + 6. What is the units digit of k(q)?
1
Let q = -26 - 35. Let c = q + 34. Let b = 48 + c. What is the units digit of b?
1
Suppose -5*u + 1185 = 185. Suppose -3*o = -181 - u. What is the units digit of o?
7
What is the tens digit of (-660)/(-242)*22/4?
1
Let s(l) = 4342*l**2 - 22*l + 21. What is the thousands digit of s(1)?
4
Let u(g) = -9*g**3 + 9*g**2 - 7*g - 36. What is the thousands digit of u(-6)?
2
Let v(i) be the first derivative of i**3/3 - 6*i**2 - 3*i - 10. What is the units digit of v(14)?
5
Let c = -20 - -23. Suppose -c*y + 222 = 4*z, -2*z - 134 = -3*y + y. What is the tens digit of y?
7
Suppose 102 = -14*i + 144. Let p = 93 + -3. Suppose i*t = p - 24. What is the units digit of t?
2
Let s = 10 + -13. Let j be s*(-38)/(-6)*-5. Suppose -37 = -4*n + j. What is the units digit of n?
3
Let q(c) = -5*c**3 + 5*c**3 - 5*c + 7*c**2 - c**3 + 1. Let y = 120 + -115. What is the tens digit of q(y)?
2
Let v(y) = y**2 - y + 3. What is the tens digit of v(13)?
5
Let m be -1 + -1*(4 - 171). Let r = m + 4. Suppose -r + 2 = -4*d. What is the tens digit of d?
4
Suppose -2*w + 4107 = 3*g, -2*w + 4*w = -5*g + 4109. What is the units digit of w?
2
Suppose -8655 = 10*c - 23705. What is the tens digit of c?
0
Let s(v) = -v**2 - v + 1. Let n(j) = 4*j**2 + 9*j - 1. Let f(u) = -n(u) - 5*s(u). Let k be f(4). Let a = k + 28. What is the units digit of a?
4
Suppose 7*m - 11*m - 4*l + 10864 = 0, 3*m - 4*l = 8148. What is the hundreds digit of m?
7
Suppose 28*q - 25*q - 2082 = 0. What is the tens digit of q?
9
Let s(p) = -88*p + 66. What is the units digit of s(-3)?
0
Suppose 9*q - 8*q - 188 = 0. Suppose 2*d + s - 272 = -d, 0 = 2*d - s - q. What is the tens digit of d?
9
Let j = -7 + 6. Let x(u) = 